+ x + 1, -2*n = 2*n + x + 1. What are the prime factors of s(n)?
43
Let s(f) = 28*f - 56. Let a = 356 - 331. What are the prime factors of s(a)?
2, 7, 23
Suppose -3*o - 5*c = -46, -2*o - 2 + 30 = 4*c. Let a = o + 6. What are the prime factors of a?
2, 7
Suppose -4*b - 22467 = -1871. What are the prime factors of 1/(-6) + b/(-6) + -9?
3, 283
Let r(t) be the second derivative of 5*t**4/6 + t**3/3 + 29*t**2/2 - 2*t + 22. What are the prime factors of r(6)?
401
Suppose -47 = -9*u + 16. Let q(f) = 2*f - 2 + u*f**2 - 6*f + 0*f. List the prime factors of q(4).
2, 47
Let n(d) = 2*d**3 - 7*d**2 - 13*d - 7. Let g be n(5). Let h(f) = -727*f + 1. Let s be h(-1). Suppose o - s = -g*o. List the prime factors of o.
2, 7, 13
Let i = 267 - 131. Suppose 112 = -4*j + 2*q - 8, 3*j + 5*q = -90. Let p = j + i. What are the prime factors of p?
2, 53
Let p(d) be the first derivative of 8*d**3 - 3*d**2/2 - 11*d - 3479. Suppose 0 = -3*z - 2 - 4. What are the prime factors of p(z)?
7, 13
Suppose 9*u - 25325 = 4*u + 4*a, 5 = -a. What are the prime factors of u?
3, 7, 241
What are the prime factors of 1/(6/(-51112))*(333/(-18) - -17)?
2, 6389
Let n be 7548/18 - 2/(-3). Let r = -37 - -43. Suppose r*x - n = -x. List the prime factors of x.
2, 3, 5
Let k(x) = -3*x - 1. Let w be k(-3). Let l(o) = -w*o**3 + 5*o + 9*o**3 + 9*o**2 - 2 - 4 + 0. What are the prime factors of l(-8)?
2, 3
Suppose 24837 + 100247 = 5*d - 2*j, 0 = d + 7*j - 25039. List the prime factors of d.
2, 7, 1787
Let r(y) = 402*y + 1194. What are the prime factors of r(23)?
2, 3, 5, 29
Suppose 46 = 4*o + n, 3*n - 7*n = -4*o + 56. Suppose o*j - 2954 - 5410 = 0. Suppose 8*r - 5*r = -5*g + j, 2*g - 286 = -3*r. What are the prime factors of g?
137
Let j(f) = -2*f**3 + 54*f**2 - 76*f - 96. List the prime factors of j(24).
2, 3
Let x(q) = 199*q**2 - 82*q - 1187. List the prime factors of x(-12).
37, 769
Let z(k) = 90*k + 109. Let d be z(9). Let o = d + 432. What are the prime factors of o?
7, 193
Suppose 18121 = 2*k + m, 11*m - 10*m = -4*k + 36247. List the prime factors of k.
3, 19, 53
Let c = 30999 + -6813. List the prime factors of c.
2, 3, 29, 139
Let i be 0/((-10)/(-15)*3). Let j(d) = -d**3 - 2*d**2 + 5. Let h be j(i). List the prime factors of 18/(12/h - 2).
3, 5
Suppose 0 = b + 5*p - 13456, 5*b - 4*p = 47293 + 19900. List the prime factors of b.
13441
Let h be (-68)/(-102) - 2/3. Suppose h = -14*q + 2145 + 851. List the prime factors of q.
2, 107
Suppose -27 + 3 = -6*u. Let o be 0/(1 + (u - 3)). Suppose 3*z - 8*z + 170 = o. What are the prime factors of z?
2, 17
Let s(x) = -4*x + 164. Let h be s(39). Suppose 12*p = -h*p + 21820. List the prime factors of p.
1091
Suppose 5*c + 2388 + 2940 = 2*b, 5*b - c = 13320. What are the prime factors of b?
2, 3, 37
Suppose -3*o + 61 = 49. Suppose 3*l = o*l + 2, 331 = h + 4*l. List the prime factors of h.
3, 113
What are the prime factors of 966/(((-20)/(-120))/1)?
2, 3, 7, 23
Let w = 776 - 464. Suppose 17*v = 25*v - w. List the prime factors of v.
3, 13
Let i(t) = -198*t**3 + 11*t - 23. List the prime factors of i(-3).
2, 5, 23
Suppose 87*g - 88*g = -4*j - 4614, 0 = -5*g - 5*j + 23195. List the prime factors of g.
2, 7, 331
Suppose -12 = -7*c + 23. Suppose 10986 = 5*f - 2*m, 5*m + 4407 = 7*f - c*f. Suppose 6*t = 15*t - f. List the prime factors of t.
2, 61
What are the prime factors of ((-7470)/(-8))/(2323/(-184) - -13)?
2, 3, 5, 83
Suppose -2 = -2*w, m + 0*w - 7 = -3*w. Suppose m*f + 0*f = 640. What are the prime factors of f?
2, 5
Let u = -75883 + 111445. List the prime factors of u.
2, 3, 5927
Suppose 3*k = 2*l - 249, 0*k + 4*k = 2*l - 330. Let r = 231 + k. What are the prime factors of r?
2, 3, 5
Let i = -145 + 155. Let v be (-6)/12*i - 37. List the prime factors of 1 - (-35)/v - 1709/(-6).
3, 5, 19
Let f be -4*1 + 120/8 + -13. List the prime factors of ((-19195)/210 - f/(-21))*-12.
2, 3, 61
Let v be -5 - (-18)/6 - 694 - -2. Let f = 1391 + v. What are the prime factors of f?
17, 41
Suppose -10 = -5*a + 2*n, -4*n + 2 = a - 3*n. Suppose -2*s - 19 = s - 5*u, -5*s = -a*u. What are the prime factors of s?
2
Let r(z) be the first derivative of 2*z**3/3 - z**2/2 + z - 221. Suppose -4*n - 20 = -4*y, -n + 0*n + 3 = 3*y. What are the prime factors of r(n)?
2, 11
Suppose 0 = -3*s + 3, -4*t + 45*s = 47*s - 47006. What are the prime factors of t?
3, 3917
Suppose 81 - 97 = -4*u. Suppose 3*d + 3654 = 5*h - 2*h, -u*d = -3*h + 3658. List the prime factors of h.
2, 607
Let f(s) = -514*s**3 - s**2 - 109*s - 410. List the prime factors of f(-4).
2, 16453
Let q be -6*(2/3)/(-2). Suppose -q*f = -3*f + 188. Suppose -3*y + f = y. What are the prime factors of y?
47
Suppose t + 2*o + 1020 = 0, 3*t - 5*t = -o + 2060. Let s = -535 - t. What are the prime factors of s?
17, 29
Let r be 77/21 + -4 - 697/(-3). Suppose 94 = j - r. List the prime factors of j.
2, 163
Suppose -4*y + h + 106902 = 0, 3*y - 80165 = -5*h - 0*h. What are the prime factors of y?
5, 1069
Let m(j) = -5*j**3 - 35*j**2 - 54*j - 218. List the prime factors of m(-22).
2, 5, 3727
Let j be -461 + 8 + 0 + -11. List the prime factors of (-6)/(-87) + (-412928)/j.
2, 5, 89
Let u(i) = 8*i**2 - 8*i - 27. Suppose -255 = 2*y - 245. What are the prime factors of u(y)?
3, 71
Let x = 34 + -3. Suppose 5*y - x = -6. What are the prime factors of -9 + y - (1 - 80)?
3, 5
Let v = 42359 - 27961. What are the prime factors of v?
2, 23, 313
Let k(m) = 6*m - 131. Let p be k(-4). Let f be ((-2)/(-5))/((-2)/(-20)). What are the prime factors of 4 + ((3 - 4) + f - p)?
2, 3
Suppose 34*p = 32*p + 4858. Suppose -38*f + p = -8933. List the prime factors of f.
13, 23
Suppose 7491*f - 7486*f - 38765 = 0. What are the prime factors of f?
7753
Suppose -5*y + 373 = 3*d, 123 = d + 5*y + 12. Suppose 7062 = -120*h + d*h. List the prime factors of h.
2, 3, 107
Let n = 1283 - -546. Suppose -317 = 4*b - n. What are the prime factors of b?
2, 3, 7
Suppose -4*g + 66 = 5*y, -19*y + 3*g - 39 = -22*y. List the prime factors of (-18 + y)/(-2 - (-1896)/951).
2, 317
Suppose 0 = -l - 5, -35*h + 36*h = -4*l + 2455. List the prime factors of h.
3, 5, 11
Let i(h) = -27*h + 1835. List the prime factors of i(14).
31, 47
Let f = 56 - -64. Let r = f - 68. List the prime factors of r.
2, 13
Suppose -57 = -7*y - 36. Suppose -y*u - o - 3*o = -1634, 0 = u + 3*o - 538. List the prime factors of u.
2, 5, 11
Let p = 98 - 80. Let m(g) = -6 - 5 - 1 + 3 - 14*g + g**2. What are the prime factors of m(p)?
3, 7
Suppose 4*j = -0*j + 432. Suppose 0 = -0*v - 5*v + 1090. Suppose -y = 3*o - o - j, y = -4*o + v. List the prime factors of o.
5, 11
Suppose -3*f - 5*t + 10892 = 269, 0 = t - 6. List the prime factors of f.
3, 11, 107
Let k = 62904 + -36891. List the prime factors of k.
3, 13, 23, 29
Let o be 5 - 483*(-3 - 21/(-9)). Suppose -h + 301 = -o. What are the prime factors of h?
2, 157
Let r(o) = -o**3 + 11*o**2 - 9*o - 8. Suppose 0 = -a - 3*a + 2*n + 290, -3*n = 4*a - 285. Let x be (a/(-30))/(6/(-20)). List the prime factors of r(x).
2, 7
Suppose 3*a = -2*u - a + 6, -4*u + 4*a - 24 = 0. Let w = u + 6. Suppose -h - 2*l = -w*h + 14, 5*h - l = 51. List the prime factors of h.
11
Let y(w) = 12*w**2 + 35*w - 7. Let k be -9*(20/6 + -3)*2. Let x be y(k). Suppose 136 + x = 3*n. List the prime factors of n.
3, 13
Suppose -2*p + 48 = 14. Suppose p*v - 4 = 15*v. Suppose 1239 = -v*h + 9*h. List the prime factors of h.
3, 59
Suppose -125 = 3*u + 5*h, h = 2*u - 0*h + 105. Let i = u + 845. List the prime factors of i.
3, 5, 53
Let j = -45758 - -76411. List the prime factors of j.
7, 29, 151
Suppose 0 = 3*o - o - 14. Let t be (-33)/(-2)*(-56)/(-6). Suppose -t = o*d - 8*d. List the prime factors of d.
2, 7, 11
Let a(w) = -7*w**3 - 24*w**2 + 56*w + 23. What are the prime factors of a(-13)?
2, 5309
List the prime factors of ((-2)/(-6))/((-15)/(-279765)).
6217
Let t be 4/14 + 72/(-7). Let g be (4/t)/(20/66400). What are the prime factors of 2*(2/(-8))/(8/g)?
83
Let t(w) = -w + 53. Suppose 0 = 2*z + z - 12. Suppose -10 = z*u - r - r, 0 = 4*u + r - 5. List the prime factors of t(u).
53
Suppose -4*m + g = 185, 5*g - 69 - 28 = 2*m. Let w = m + 49. Suppose -w - 6 = 3*o, -3*r - 3*o + 9 = 0. What are the prime factors of r?
2, 3
Suppose -3*z + o + 8451 + 2553 = 0, 5*z - 2*o = 18341. List the prime factors of z.
19, 193
Su